prime factors of y.
2, 3, 67
Suppose 0 = -68*a + 21056 + 188928. What are the prime factors of a?
2, 193
Suppose 4*m - 70663 = -3*x, -4*x - 39*m + 36*m + 94222 = 0. List the prime factors of x.
23557
Let c(x) = 3*x**2 - 6*x + 5. Let s be c(0). Suppose u - 417 = -5*v, -5*u + 2*v = s*v - 2063. What are the prime factors of u?
2, 103
Let p(h) be the first derivative of 7*h**3/3 + h**2/2 + 2*h + 19. What are the prime factors of p(-6)?
2, 31
Let q be (680/(-60))/(2/(-15)). Let z(u) = u**3 - u**2 - u + 1. Let i be z(1). Suppose i*g + 248 = 3*a + 5*g, a = -4*g + q. What are the prime factors of a?
3
Let q = 26 + 0. Suppose 25*y - q = 27*y. Let h(r) = -r**2 - 14*r + 19. What are the prime factors of h(y)?
2
Let h(z) = 5*z**2 - 229*z + 80. List the prime factors of h(50).
2, 5, 113
Let z be 4/(((-3)/(180/16))/(-2)). Let y be 6/15 - (-76188)/z. List the prime factors of (-1)/4*-2 + y/40.
2
Let r = 4893 + -1197. Let a = 5340 - r. List the prime factors of a.
2, 3, 137
Let o(g) = -3649*g - 57. Let l be o(-4). Suppose -4564 = 57*w - l. List the prime factors of w.
5, 7
Suppose 111*j + 434245 = 130*j. Suppose j = 17*v + 3917. List the prime factors of v.
2, 557
Let w(f) be the second derivative of -f**6/240 - 5*f**5/24 + 5*f**4/12 + 26*f. Let b(c) be the third derivative of w(c). List the prime factors of b(-12).
11
Suppose -20804 = 5*y + 2*j - 164439, -y = -2*j - 28715. What are the prime factors of y?
3, 5, 383
Suppose 3*k + k - 15945 = -3*x, 0 = 2*k - 8*x - 8020. What are the prime factors of k?
2, 3, 5, 7, 19
Let g = -5800 + 13620. List the prime factors of g.
2, 5, 17, 23
Let h = -23369 - -44158. What are the prime factors of h?
20789
Let g = 68 - 66. Let c(d) = 11 - 171*d**2 + 85*d**g + 89*d**2 + 14*d. What are the prime factors of c(-9)?
2
Let l(s) be the second derivative of s**4/12 + 5*s**3/6 + s**2/2 + 2*s. Let c be l(-4). What are the prime factors of c/(-7) + 0 + (-2640)/(-14)?
3, 7
Suppose -9*i = -i - 4872. Let w = 251 - i. Let t = w - -551. List the prime factors of t.
193
Suppose -18 + 6 = -3*o. Suppose -12 + 108 = y - 2*h, -o*h = 0. Let t = y - 56. List the prime factors of t.
2, 5
Let r(k) = -k**3 - 3*k**2 + 9*k - 5. Let z be r(-5). Suppose 0 = -z*o - 6*o + 48. Let c(g) = 2*g**2 - 3*g + 13. What are the prime factors of c(o)?
3, 13
Suppose 5*t - 5*c = 30685, 12*c - 16*c + 18390 = 3*t. List the prime factors of t.
2, 3067
List the prime factors of (17812 - (-9 + 4)) + (-84)/(-21).
71, 251
Let j(k) = 3*k - 58. Let i be j(17). Let n be (27/6)/(i/294). Let y = n - -271. List the prime factors of y.
2, 41
Let u = 603 - 395. Let l(v) = v**2 + 59*v + 870. Let o be l(-31). List the prime factors of u - o*(-2 - -3).
2, 103
Suppose 0 = 3*n - 37*j + 40*j - 72684, -5*n + 121124 = 3*j. List the prime factors of n.
2, 5, 7, 173
What are the prime factors of ((-30)/135 - 94/(-18)) + 2644?
3, 883
Suppose -12 + 18 = 2*u, -u + 1653 = 5*z. Let i be -1 + 4 + 2*1. Suppose 4*y = -8, i*j = 6*y - y + z. List the prime factors of j.
2
List the prime factors of 3961 - (-6 + 5 + -13).
3, 5, 53
Let y be 660 - (3 + (-20)/5). Let o = -421 + y. List the prime factors of o.
2, 3, 5
Let u(y) = -3*y + 22. Let g be u(-8). Let i = -41 + g. Suppose -i*x = 4*a - 286, -5*x - 96 = -3*a + 136. What are the prime factors of a?
2, 37
Suppose 4*g + 6 - 22 = 0, -20 = -2*l - 3*g. Suppose 88 = -5*i + i + l*q, 3*i - 4*q + 69 = 0. Let f = i + 36. List the prime factors of f.
17
Let b(t) = 20*t - 16. Let h be b(-6). Let j = 285 + h. Suppose -163 = -8*p + j. List the prime factors of p.
3, 13
Suppose 1 = 3*z - 7*y + 8*y, 0 = -5*z - 4*y - 10. Suppose z*k = -16*k + 2466. List the prime factors of k.
137
Suppose -15*h - 10980 = -17*h - 4*b, -5*h = -b - 27461. What are the prime factors of h?
2, 1373
Let o = -486 + 1072. Let w = 89 + o. What are the prime factors of w?
3, 5
Let s = -120 + 134. Suppose 2 = -s*l + 13*l. List the prime factors of ((-135)/60)/(l/160).
2, 3, 5
Let g(c) = 23*c + 895. What are the prime factors of g(41)?
2, 919
Suppose 2*c - 1 = -3*m, -2*m = 7*c - 10*c - 5. Let i be (-2 - c)/(1/(-11)). Suppose i*z - 10*z = 41. List the prime factors of z.
41
Let w(d) = -d**2 + 19*d - 43. Let x be w(16). Suppose -12 = n + 3*n, n = x*z - 6193. List the prime factors of z.
2, 619
Let i = -88 + 88. Let p be 6 + 76 - i*(-2)/4. Suppose 0*g - 2*g - 2*a = -p, g - 41 = 3*a. What are the prime factors of g?
41
Let u(b) = 20*b**3 + 8*b - 1. List the prime factors of u(7).
3, 5, 461
Let w = -129 + 22. Let z = -65 + 228. Let h = z + w. List the prime factors of h.
2, 7
Let m = 2988 - -1582. List the prime factors of m.
2, 5, 457
Suppose 0 = 4*s + 8*s + 5892. Let y = -337 - s. List the prime factors of y.
2, 7, 11
Let x(a) = a**3 + 2*a**2 - 4*a + 79. Let t(y) = 4*y + 12. Let s be t(-3). List the prime factors of x(s).
79
Suppose -131*j = -74*j - 1288200. List the prime factors of j.
2, 5, 113
Suppose -2*w = 5*c, -5*w - 59 + 13 = c. Suppose 3*x + 22 = -4*l, x = -3*l - 3 - 6. What are the prime factors of (x/5 - -2)/(w/(-275))?
2, 11
Let i = -612 - -627. Suppose -i*q = -21*q + 7494. What are the prime factors of q?
1249
Suppose 4*p + 0 - 72 = 0. Suppose 9*u = p*u - 513. List the prime factors of (u/(-12))/(1/(-2*4)).
2, 19
List the prime factors of (-294)/(-126) + 52665/9.
2, 2927
Let f(y) be the third derivative of y**6/120 - 2*y**5/15 + 5*y**4/12 + y**3/3 - 3*y**2. Let t = 8 - 0. List the prime factors of f(t).
2, 41
Let v(m) = -460*m + 3. Let c be v(2). Let l = c + 2108. List the prime factors of l.
3, 397
Suppose -u + 9952 = 3*j, -17*u + 5*j = -22*u + 49750. List the prime factors of u.
9949
Let s = 121 + -120. What are the prime factors of (-2 - -4) + s - (5 - 228)?
2, 113
Let k be (15/(-5))/((-5)/8 - -1). Let z be ((-1012)/(-6))/((-3)/(k + -1)). Suppose -6*r = 128 - z. List the prime factors of r.
3, 7
Suppose -5*k - 25 = 4*j, -5*k = -k + 20. Suppose -4*i = -j*i. Let v(r) = -5*r + 59. What are the prime factors of v(i)?
59
Suppose -25*h + 29*h = -96. What are the prime factors of h/(-56) - ((-5976)/21 + -2)?
7, 41
Suppose 84*d - 2242754 = -42*d + 1103932. List the prime factors of d.
26561
Suppose 30*k + 7145 = 35*k + 3*g, k = -5*g + 1451. List the prime factors of k.
2, 23, 31
Let r(o) = 4*o - 6. Let a be r(2). Let y be ((-14)/(-4))/(a/(-68)). Let d = 187 + y. List the prime factors of d.
2, 17
Let y = 5353 - 5421. Suppose 1284 = -4*k - 5*c, -4*k + c - 1324 = -40. Let b = y - k. What are the prime factors of b?
11, 23
Suppose 5*u - 63313 = -4*m, 31*m = 2*u + 26*m - 25345. Suppose -20*p + 3*p = -u. What are the prime factors of p?
5, 149
Suppose -114 = 4*m + 62. Let n = 92 + m. Suppose k + n = 3*k. List the prime factors of k.
2, 3
Let y = -356 + 892. Suppose 2*q + y = 6*q. Suppose -2*v + q = 5*j, -5*v + 13 = -j + 2*j. List the prime factors of j.
2, 7
Suppose -3*c = 3*m - 78, -3*c + m + 25 = -73. Suppose -8 = c*w - 33*w. Suppose w*z - 33 - 71 = 0. List the prime factors of z.
2, 13
Suppose -2973 - 1567 = 4*q. Let z = -484 - q. What are the prime factors of z?
3, 7, 31
Suppose -11509*u + 11491*u = -310410. List the prime factors of u.
5, 3449
Suppose 22 = o - 4*y, -y = -4*o + 2*y + 23. Suppose -o*t = -7*t + 4*s + 1752, -2*s - 1050 = -3*t. What are the prime factors of t?
2, 3, 29
Let v = 542 - 101. Suppose 4*p - 542 = 2*p. Let m = v - p. What are the prime factors of m?
2, 5, 17
Let b(k) = -k**2 - 42*k + 10*k**2 - 10*k**2 - 28*k - 260. What are the prime factors of b(-45)?
5, 173
Let p be (-4)/42 + (-4407364)/(-546). List the prime factors of (p/(-24) + 3)*-3.
2, 5
Suppose -34*g + 5*u = -36*g + 19823, 3*u - 15 = 0. List the prime factors of g.
19, 521
Let s(t) = -10584*t + 1446. What are the prime factors of s(-5)?
2, 3, 13, 17, 41
Suppose i + 0*i + 4*d - 790 = 0, -d = 0. List the prime factors of i.
2, 5, 79
Suppose -46*r - 34*r + 2466189 = -1870851. List the prime factors of r.
3, 17, 1063
Let c(l) = -2*l**3 - 7*l**2 - 10*l + 1. Let z be -1*(2 + -5)*10/(-6). List the prime factors of c(z).
2, 3, 7
Let n(v) = v**2 + 5*v - 9. Let z be n(2). Suppose 3*w + 2*y + 1084 = z*w, 5*w = 2*y + 2704. List the prime factors of w.
2, 3, 5
Suppose 0 = 4*z + 2*d + 6478 - 37702, 0 = 4*z + 10*d - 31192. What are the prime factors of z?
2, 61
Let g(r) = r**3 - r**2 - 18*r - 22. Let v = 46 - 37. What are th